) + (3/j - 0)?
True
Let b(u) = -5*u - 15. Suppose -5*s = -2*h + 3*h + 4, -s - 14 = -h. Suppose h*w + 48 = 7*w. Is b(w) a multiple of 9?
True
Suppose -5*x = -203 - 382. Let h = 168 - x. Is 8 a factor of h?
False
Let a = -238 - -146. Let b be 9/(-12) + a/(-16). Suppose 0*q - 3*h = b*q - 81, 0 = -3*q + 2*h + 60. Is 9 a factor of q?
True
Suppose 1799 - 4507 = -4*x. Let c = -420 + x. Does 34 divide c?
False
Let d(f) = 8*f - 8. Let j(t) = t**3 - t**2 - 6. Let q be j(0). Let z be 36/(-30)*20/q. Is d(z) a multiple of 8?
True
Suppose 0 = -l - 2*i + 3*i + 2, 5*l - 34 = -i. Suppose -7*d + l*d + 123 = 0. Is 20 a factor of d?
False
Let l(w) = -w + 4. Let i(y) = -y + 5. Let x(f) = -5*i(f) + 4*l(f). Let b be x(12). Suppose -b*a = -7 - 14. Is 2 a factor of a?
False
Suppose -10 = -4*h + 10. Suppose -2 = -h*a + 8. Suppose 0 = a*q - 6*q + 276. Is 24 a factor of q?
False
Suppose 3*s + 466 = 5*a, 300 = 4*a - a + 5*s. Suppose 4*q - 3*t - a - 20 = 0, -2*q + 57 = -t. Is q a multiple of 4?
True
Let r = 11 - 18. Let v(q) = 2*q**2 + 6*q + 14. Is 16 a factor of v(r)?
False
Let g = 108 - -22. Let x = -90 + 52. Let o = g + x. Is 23 a factor of o?
True
Let g(w) = w**3 - 7*w**2 + 2*w + 8. Let s be g(7). Let q = 28 - s. Let o = 18 - q. Is 4 a factor of o?
True
Suppose -4*b = -4*l - 12, -2*b + 4 + 2 = 4*l. Let d be (33 + -1)*b/2. Suppose -3*o - 3 + d = 3*r, 0 = -4*r - 2*o + 58. Is 14 a factor of r?
True
Let w = -28 + 28. Does 17 divide (-36 - w)*(-33)/12?
False
Suppose 0 = -r + 203 - 11. Let p(n) = -1 + 0*n**2 - n**2 + 187*n - r*n. Does 2 divide p(-4)?
False
Let p be 1356/8 + (-2)/(-4). Let r be (48/(-10))/((-51)/p). Suppose -2*j = 4*z - 25 - 25, 2*z - r = -4*j. Is z a multiple of 7?
True
Let m = -7 - -11. Suppose -m*c + 95 = -153. Is 31 a factor of c?
True
Let v be 10/3*(-36)/(-20). Let g be -39 + 2/(4/v). Let c = 93 + g. Does 13 divide c?
False
Let r = -6 + 10. Let t(v) = -6*v - 9. Let y(p) = -3*p. Let b(c) = t(c) - 9*y(c). Does 17 divide b(r)?
False
Suppose 5*r = -2*x + 25, -3*r + 14 - 54 = -x. Suppose -77 = 4*z - 2*s + 3*s, -2*z = 5*s + x. Let d = z + 28. Is 5 a factor of d?
False
Let z = -131 - -634. Does 20 divide z?
False
Let o = 8 + -4. Suppose -o*y + n + 0*n + 8 = 0, 5*y - 5*n + 5 = 0. Suppose -31 = -2*v + j, -v - y*v + 3*j + 61 = 0. Is v a multiple of 5?
False
Let i(k) be the third derivative of -k**5/60 - 13*k**4/24 - 11*k**3/3 - 29*k**2. Is i(-10) a multiple of 4?
True
Does 10 divide (90/(-4))/((-42)/1512)?
True
Let v(t) = 7*t**2 - 4*t - 3. Suppose 2*l - 36 = -5*r, 5*l = -3*r + 5*r - 26. Suppose -4*i + i + 23 = -4*s, 0 = s + 2*i - r. Is 13 a factor of v(s)?
False
Let a(k) = 2*k**3 - 67*k**2 - 86*k + 15. Is a(35) a multiple of 34?
True
Suppose 19*w - 5*m = 18*w + 399, -5*w - 4*m = -2053. Does 10 divide w?
False
Suppose 0 = -3*h + 14 + 10. Let u(f) = -46*f + 4. Let k be u(h). Is 10 a factor of k/(-18) + (-10)/45?
True
Suppose -37*c = -32*c - 374325. Does 21 divide (-2)/(-22) + c/253?
False
Let x be (0 - 3)/(6/8). Let m be 2*2/x - -5. Suppose 4*i = -m*k - 0*i + 284, 0 = -3*k + 2*i + 198. Is k a multiple of 15?
False
Let g be 3/6*(114 + 0). Let x = -25 + 34. Suppose -g = -4*d - x. Does 4 divide d?
True
Let j(v) = 3 + 2*v**2 - 6*v + 0 + v - 4. Is j(4) a multiple of 11?
True
Let b(z) = -z**3 - 10*z**2 - 3*z + 29. Is b(-12) a multiple of 18?
False
Let k(j) = 2*j**2 - 3*j - 1. Let f be k(3). Suppose -4*l + 8 = -f. Suppose -l*z + 44 = -100. Is 18 a factor of z?
True
Let g(u) = u**3 + 8*u**2 + 6*u - 1. Does 6 divide g(-7)?
True
Let g(t) = 58 + 40 - t**2 + 92 + 0 + t**3 - t. Let x be g(0). Suppose 4*b = -5*m + 194, -5*m = 4*b + b - x. Is m a multiple of 11?
False
Suppose 2*t + 5*z = 1943, -5*t + 0*z + 4*z + 4775 = 0. Does 14 divide t?
False
Suppose 2*r + 0 = -8. Let j be r/10 - (-690)/(-25). Let c = 56 + j. Is 8 a factor of c?
False
Let m = 310 - -1780. Is 13 a factor of m?
False
Is 21153*(-5)/(-30) + (-2)/4 a multiple of 106?
False
Suppose -96 = -3*c + 135. Suppose 3*d + i + 185 + 16 = 0, -c = d - 3*i. Does 9 divide -10 - -6 - (d - -1)?
True
Let v(m) = -3*m + 17. Let a be v(-8). Suppose 5*g - 3*n = 153, g - 2*n = -4*n + a. Is 11 a factor of g?
True
Suppose -w - 3*l + 85 = -4*l, -3*l - 173 = -2*w. Does 82 divide w?
True
Let w = -10 - -12. Suppose b = w*b. Let g = b - -14. Is 7 a factor of g?
True
Let v be (3 - 0)/(4/12). Let j be (5/(-1))/((-1)/v). Suppose -j + 3 = -3*c. Does 14 divide c?
True
Let r be 15/(-3)*(-2 + 16). Is r/45*(1 + 2)*-3 a multiple of 14?
True
Let f = 3659 - 2295. Is f a multiple of 44?
True
Let c be -2 + (33/(-22))/(2/76). Let z = 144 + c. Does 13 divide z?
False
Suppose 11*t = 5*t + 1476. Suppose 5*r + 5*g - 245 = 0, -4*r - 5*g - 51 + t = 0. Is 13 a factor of r?
False
Let p(o) = o**3 - 11*o**2 - 20*o + 32. Let u be p(12). Let j = u - -78. Is j a multiple of 7?
True
Let u = -17 + 21. Suppose 0 = -2*h + 6*h - 3*o - 207, -u*o + 12 = 0. Suppose 3*l - 42 = h. Is 19 a factor of l?
False
Let d(i) = 428*i - 259. Is 27 a factor of d(6)?
False
Suppose 18*g - 1734 - 318 = 0. Does 33 divide g?
False
Let a = -3 - -7. Let b(p) = -3*p**3 - 16*p**2 - 14*p - 15. Let k be b(-6). Suppose -5*u + 3*d = -117 + 4, 5*u + a*d = k. Is 14 a factor of u?
False
Suppose m = -r + 2624, -10486 = -4*m + 14*r - 13*r. Is m a multiple of 39?
False
Let g(r) = -41*r**3 + 2*r**2 - r + 1. Let q be g(2). Let p be q/(-21) + (-2)/7. Let z = p + -7. Is z a multiple of 8?
True
Let z(u) = u**3 + 13*u**2 + 14*u + 18. Let h be z(-12). Let t = h + 8. Suppose t*c = -3*c + 280. Is c a multiple of 14?
True
Let n(t) = 190*t**2 - 3*t - 4. Let f be n(-2). Does 11 divide (10/(-15))/((-4)/f)?
False
Let p = -195 - -503. Does 22 divide p?
True
Let l(m) = -2*m**3 - 11*m**2 + 2*m - 35. Is 91 a factor of l(-11)?
True
Let p(g) = g**3 + 8*g**2 + 9*g - 1. Let l be p(-7). Let m = 7 + l. Let v(z) = -z**3 - 6*z**2 + 11*z - 6. Is 13 a factor of v(m)?
False
Let h = 1945 - 769. Does 49 divide h?
True
Let b(t) = -t**3 + 13*t**2 - 20*t - 14. Let l be b(11). Suppose -2*m + l*m = 180. Does 10 divide m?
True
Let a = 75 + 15. Does 15 divide a?
True
Let p(c) = -c**3 + 9*c**2 + c - 4. Let a be p(9). Let f(v) = -9 + 0*v + 1 + 7*v. Is f(a) a multiple of 24?
False
Suppose 12*s - 13*s - 3*f = -332, 980 = 3*s + 5*f. Is s a multiple of 10?
True
Suppose -2*l + f + 24 = -1, 25 = 5*f. Is 14 a factor of (42/l)/(3/255)?
True
Suppose 0 = 3*h - 8*h + 30. Suppose -h*l + 11*l = 135. Is 27 a factor of l?
True
Let m(f) = -3*f - 4. Suppose -99 = 5*o - 2*o. Let j be (-1 - o/6)*-2. Is m(j) a multiple of 10?
False
Suppose 5*z + 24 = 8*z. Let d be 8/4 + 0 + z. Suppose -l = -3 - d. Is 3 a factor of l?
False
Let m(g) = -270*g**3 + g**2 + 2*g + 2. Let x be m(-1). Suppose -5*u + x = 61. Suppose b - u = -2*b. Is b a multiple of 13?
False
Suppose -5*p + 3075 = 5*x - 0*x, 0 = -x. Is 48 a factor of p?
False
Let k be (-8796)/(-8) - (-6)/(-4). Suppose -y + 4*y = k. Suppose o + 0*o - 134 = -3*l, -3*o + y = -3*l. Is 37 a factor of o?
False
Let b = -194 - -251. Is 2 a factor of b?
False
Suppose -3*k = -3696 + 888. Does 78 divide k?
True
Let x be (300/(-9) + 2)/((-18)/27). Let l = 103 - x. Is 27 a factor of l?
False
Let q(x) = -x**3 + 8*x**2 - 6*x - 5. Let y be q(7). Let v(a) = -a**3 - 4*a**2 + 3. Let i be v(-4). Suppose -2*t = y + 2, -3 = -i*o - 3*t. Does 2 divide o?
False
Let v(a) = 64*a**2 - 3*a - 2. Let d(l) = -2*l - 5. Let z be d(-3). Suppose 2*m - z = -3. Is 13 a factor of v(m)?
True
Let k = 37 - 31. Let g(u) = 3*u**2 - 3*u - 6. Does 14 divide g(k)?
True
Let x(s) = -15*s**3 + 5*s**2 + 11*s + 4. Does 45 divide x(-2)?
False
Let l(j) = -j + 16. Let f be l(8). Let z(o) = -o**2 + 6*o - 8. Let s be z(f). Let x = 44 + s. Is x a multiple of 5?
True
Suppose 5*d - 28 + 8 = 0. Suppose v + 3*v = -d*f + 232, 0 = 5*f - 2*v - 304. Is f a multiple of 15?
True
Let p(r) = 2 + 27*r**3 + r**2 - 22*r**3 - 2*r**2 - r + 0*r. Let g(w) = -w**2 - 7*w - 4. Let a be g(-6). Does 6 divide p(a)?
True
Let r(v) = 2*v - 5. Let j = 11 - 10. Let o be j*3*(-45)/(-27). Does 4 divide r(o)?
False
Let g(i) be the third derivative of 7*i**6/40 + i**5/20 - i**4/12 - 33*i**2. Is 11 a factor of g(1)?
True
Suppose 5 = v - 0. Suppose 50 = v*k + 3*i, 5*k - 2*i - 70 = -i. Let u = 27 + k. Does 18 divide u?
False
Let g be (-2 + 42/18)/(1/9). Suppose 3*p + 15 = 0, g*c - p = -0*p + 134. Is 8 a factor of c?
Fa